{"id":1358,"date":"2020-08-25T20:49:18","date_gmt":"2020-08-25T20:49:18","guid":{"rendered":"https:\/\/www.feministtahayyul.com\/?page_id=1358"},"modified":"2026-03-01T18:08:43","modified_gmt":"2026-03-01T18:08:43","slug":"feminist-tahayyul-yeni-sayi","status":"publish","type":"page","link":"https:\/\/www.feministtahayyul.com\/","title":{"rendered":"Yeni Say\u0131"},"content":{"rendered":"\n<div class=\"wp-block-media-text alignwide is-stacked-on-mobile\" style=\"grid-template-columns:25% auto\"><figure class=\"wp-block-media-text__media\"><img loading=\"lazy\" decoding=\"async\" width=\"715\" height=\"1024\" src=\"https:\/\/www.feministtahayyul.com\/wp-content\/uploads\/2026\/03\/Screenshot-2026-03-01-at-20.27.29-715x1024.png\" alt=\"\" class=\"wp-image-3099 size-full\" srcset=\"https:\/\/www.feministtahayyul.com\/wp-content\/uploads\/2026\/03\/Screenshot-2026-03-01-at-20.27.29-715x1024.png 715w, https:\/\/www.feministtahayyul.com\/wp-content\/uploads\/2026\/03\/Screenshot-2026-03-01-at-20.27.29-209x300.png 209w, https:\/\/www.feministtahayyul.com\/wp-content\/uploads\/2026\/03\/Screenshot-2026-03-01-at-20.27.29-768x1100.png 768w, https:\/\/www.feministtahayyul.com\/wp-content\/uploads\/2026\/03\/Screenshot-2026-03-01-at-20.27.29.png 1032w\" sizes=\"auto, (max-width: 715px) 100vw, 715px\" \/><\/figure><div class=\"wp-block-media-text__content\">\n<h3 class=\"wp-block-heading has-text-color\" id=\"block-5b90128c-72c9-4d69-a4bd-ebb8f416b1e3\" style=\"color:#606060;font-size:23px\">7(1) &#8211; Feminist Felsefe<\/h3>\n\n\n\n<h4 class=\"wp-block-heading\">Say\u0131 Edit\u00f6rleri: Fulden \u0130brahimhakk\u0131o\u011flu, G\u00fclben Salman, Toros G\u00fcne\u015f Esg\u00fcn<\/h4>\n\n\n\n<hr class=\"wp-block-separator has-text-color has-cyan-bluish-gray-color has-css-opacity has-cyan-bluish-gray-background-color has-background is-style-wide\"\/>\n\n\n\n<p><\/p>\n<\/div><\/div>\n\n\n\n<p><\/p>\n\n\n\n<p><a href=\"https:\/\/www.feministtahayyul.com\/wp-content\/uploads\/2026\/03\/Feminist-Felsefe-1-10.pdf\">Sunu\u015f<\/a><br><em><em>Fulden \u0130brahimhakk\u0131o\u011flu, G\u00fclben Salman, Toros G\u00fcne\u015f Esg\u00fcn<\/em><\/em><\/p>\n\n\n\n<pre id=\"block-fc91cf51-004b-44aa-8b2a-c74aac61a16d\" class=\"wp-block-preformatted\"><strong>Ara\u015ft\u0131rma Makaleleri<\/strong><\/pre>\n\n\n\n<p><a href=\"https:\/\/www.feministtahayyul.com\/wp-content\/uploads\/2026\/03\/Feminist-Felsefe-11-45.pdf\">\u0130li\u015fkisel Say\u0131labilirlik ve Ontik Eksiltme: Epistemik Adaletsizlikten S\u00fcre\u00e7 Ontolojisine Feminist Bir \u00c7er\u00e7eve<\/a><br><em><em>Toprak Karaosmano\u011flu<\/em><\/em><\/p>\n\n\n\n<p><a href=\"https:\/\/www.feministtahayyul.com\/wp-content\/uploads\/2026\/03\/Feminist-Felsefe-46-73.pdf\">Konumlu Bilmemenin Feminist Epistemolojisine Do\u011fru: Erkek \u00d6zneler Erkek \u015eiddetini Nas\u0131l ve Neden Bilmezler?<\/a><span style=\"color: rgb(0, 0, 0); font-size: medium; white-space-collapse: collapse;\"><\/span><br><em>\u0130lkay \u00d6zk\u00fcralpli<\/em><\/p>\n\n\n\n<p><a href=\"https:\/\/www.feministtahayyul.com\/wp-content\/uploads\/2026\/03\/Feminist-Felsefe-74-106.pdf\">Anla\u015f\u0131l\u0131rl\u0131k E\u015fi\u011fi ve Di\u015fil Sentaks: Dil Oyunlar\u0131 \u00dczerinden Feminist Bir Gerek\u00e7elendirme<\/a><br><em>Elif Duran<\/em><\/p>\n\n\n\n<p><a href=\"https:\/\/www.feministtahayyul.com\/wp-content\/uploads\/2026\/03\/Feminist-Felsefe-107-137.pdf\">Feminist \u00d6znenin Krizi: Ba\u011flamsal ve Etkile\u015fimsel Bir Evrensellik Aray\u0131\u015f\u0131<\/a><br><em>\u00d6zg\u00fcr U\u00e7ar<\/em><\/p>\n\n\n\n<p><a href=\"https:\/\/www.feministtahayyul.com\/wp-content\/uploads\/2026\/03\/Feminist-Felsefe-138-170.pdf\">G\u00f6\u00e7ebe \u00d6zne mi, U\u00e7ucu Beden mi? Braidotti ve Grosz\u2019un Feminist Bedenlenme Kuramlar\u0131nda \u00d6znele\u015fme<\/a><br><em>S. Nur Me\u00e7<\/em><\/p>\n\n\n\n<p><a href=\"https:\/\/www.feministtahayyul.com\/wp-content\/uploads\/2026\/03\/Feminist-Felsefe-171-200.pdf\">Antik Yunan Fig\u00fcrlerinden Dijital Karikat\u00fcre Feminist Direni\u015f Stratejileri: Beden ve \u0130li\u015fkisellik<\/a><br><em>Duygu Onay \u00c7\u00f6ker<\/em><\/p>\n\n\n\n<pre id=\"block-8031a41b-2d01-4aff-904c-fa6894fd475e\" class=\"wp-block-preformatted\"><strong>\u00c7eviri<\/strong><\/pre>\n\n\n\n<p><a href=\"https:\/\/www.feministtahayyul.com\/wp-content\/uploads\/2026\/03\/Feminist-Felsefe-201-233.pdf\">Tekinsizler, Fl\u00f6rt\u00f6zler, Kahramanlar ve M\u00fcttefikler: Erkekler ve Cinsel Taciz \u00dczerine D\u00f6rt Tez&nbsp;<\/a><span style=\"color: rgb(0, 0, 0); font-size: medium; white-space-collapse: collapse;\"><\/span><br><em>Bonnie Mann&nbsp;(\u00c7ev. Ay\u00e7a Ayd\u0131n, Beste Tahmaz, Efraim \u00c7\u0131nar)<\/em><\/p>\n\n\n\n<pre id=\"block-37eba9be-3fb0-4e5c-b3fd-b1740b6508b5\" class=\"wp-block-preformatted\"><strong>Ara\u015ft\u0131rma Notu<\/strong><\/pre>\n\n\n\n<p><a href=\"https:\/\/www.feministtahayyul.com\/wp-content\/uploads\/2026\/03\/Feminist-Felsefe-234-247.pdf\">Felsefede Kad\u0131nlar\u0131n \u0130zini Akademide S\u00fcrmek<span style=\"color: rgb(0, 0, 0); font-size: medium; white-space-collapse: collapse;\"><\/span><br><\/a><em>\u00c7i\u011fdem Yaz\u0131c\u0131, Gamze Keskin, Sare \u00d6zt\u00fcrk, \u00d6zg\u00fcr U\u00e7ar<\/em><\/p>\n\n\n\n<pre id=\"block-533c53af-ddb3-468e-883b-eaba69ef44ac\" class=\"wp-block-preformatted\"><strong>Kitap De\u011ferlendirmesi<\/strong><\/pre>\n\n\n\n<p><a href=\"https:\/\/www.feministtahayyul.com\/wp-content\/uploads\/2026\/03\/Feminist-Felsefe-248-252.pdf\"><em>Kim Korkar Toplumsal Cinsiyetten?<\/em> Kitab\u0131 \u00dczerine<\/a><span style=\"color: rgb(0, 0, 0); font-size: medium; white-space-collapse: collapse;\"><\/span><br><em>K. Melis Kaymak&nbsp;<\/em><\/p>\n\n\n\n<p><a href=\"https:\/\/www.feministtahayyul.com\/wp-content\/uploads\/2026\/03\/Feminist-Felsefe-253-259.pdf\"><em>Feminist Teori ile D\u00fc\u015f\u00fcnmek: Kavramlar ve Tart\u0131\u015fmalar <\/em>\u00dczerine<\/a><br>Simge Zeynep Deniz&nbsp;<\/p>\n\n\n\n<pre id=\"block-fd9838cc-bc9d-40dd-9988-80f30990195a\" class=\"wp-block-preformatted\"><strong>S\u00f6yle\u015fi<\/strong><\/pre>\n\n\n\n<p><a href=\"https:\/\/www.feministtahayyul.com\/wp-content\/uploads\/2026\/03\/Feminist-Felsefe-260-271.pdf\">H\u00fclya \u015eimga ile T\u00fcrkiye\u2019de Feminist Felsefe \u00dczerine<\/a><br><em>Fulden \u0130brahimhakk\u0131o\u011flu<\/em><\/p>\n\n\n\n<p><a href=\"https:\/\/www.feministtahayyul.com\/wp-content\/uploads\/2026\/03\/Feminist-Felsefe-272-281.pdf\">Linda Martin Alcoff, Quill R. Kukla ve Shay Welch ile Feminist Felsefenin D\u00fcn\u00fc, Bug\u00fcn\u00fc, Yar\u0131n\u0131 \u00dczerine Sohbetler<\/a><br><em>Fulden \u0130brahimhakk\u0131o\u011flu<\/em> <em>(\u00c7ev. Miray Nisa Aky\u0131lmaz)<\/em><\/p>\n\n\n\n<pre id=\"block-fd9838cc-bc9d-40dd-9988-80f30990195a\" class=\"wp-block-preformatted\"><strong>Tez Tan\u0131t\u0131m\u0131<\/strong><\/pre>\n\n\n\n<p><a href=\"https:\/\/www.feministtahayyul.com\/wp-content\/uploads\/2026\/03\/Feminist-Felsefe-282-289.pdf\">Feminist Fenomenolojide Bedenlenme<\/a><br><em>S\u00fcmeyye Y\u0131lmaz Emin<\/em><\/p>\n\n\n\n<p><a href=\"https:\/\/www.feministtahayyul.com\/wp-content\/uploads\/2026\/03\/Feminist-Felsefe-290-295.pdf\">Sinemada Kuir Zamansall\u0131k: Zaman\u0131n Biyoiktidari Analizi<\/a><br>Robin Konuk<\/p>\n\n\n\n<pre id=\"block-fd9838cc-bc9d-40dd-9988-80f30990195a\" class=\"wp-block-preformatted\"><strong>Sanat<\/strong><\/pre>\n\n\n\n<p><a href=\"https:\/\/www.feministtahayyul.com\/wp-content\/uploads\/2026\/03\/Feminist-Felsefe-296-307.pdf\">Feminizmin Patikalar\u0131nda Filizlenen Eller<\/a><a href=\"https:\/\/www.feministtahayyul.com\/wp-content\/uploads\/2024\/02\/FT51_son-137-150.pdf\" target=\"_blank\" rel=\"noreferrer noopener\"><br><\/a><em>Eda Gecikmez<\/em><\/p>\n\n\n\n<p><\/p>\n","protected":false},"excerpt":{"rendered":"<p>Sunu\u015fFulden \u0130brahimhakk\u0131o\u011flu, G\u00fclben Salman, Toros G\u00fcne\u015f Esg\u00fcn Ara\u015ft\u0131rma Makaleleri \u0130li\u015fkisel Say\u0131labilirlik ve Ontik Eksiltme: Epistemik Adaletsizlikten S\u00fcre\u00e7 Ontolojisine Feminist Bir \u00c7er\u00e7eveToprak Karaosmano\u011flu Konumlu Bilmemenin Feminist &hellip; <\/p>\n","protected":false},"author":1,"featured_media":0,"parent":0,"menu_order":1,"comment_status":"closed","ping_status":"closed","template":"","meta":{"footnotes":""},"class_list":["post-1358","page","type-page","status-publish","hentry"],"jetpack_sharing_enabled":true,"_links":{"self":[{"href":"https:\/\/www.feministtahayyul.com\/index.php?rest_route=\/wp\/v2\/pages\/1358","targetHints":{"allow":["GET"]}}],"collection":[{"href":"https:\/\/www.feministtahayyul.com\/index.php?rest_route=\/wp\/v2\/pages"}],"about":[{"href":"https:\/\/www.feministtahayyul.com\/index.php?rest_route=\/wp\/v2\/types\/page"}],"author":[{"embeddable":true,"href":"https:\/\/www.feministtahayyul.com\/index.php?rest_route=\/wp\/v2\/users\/1"}],"replies":[{"embeddable":true,"href":"https:\/\/www.feministtahayyul.com\/index.php?rest_route=%2Fwp%2Fv2%2Fcomments&post=1358"}],"version-history":[{"count":103,"href":"https:\/\/www.feministtahayyul.com\/index.php?rest_route=\/wp\/v2\/pages\/1358\/revisions"}],"predecessor-version":[{"id":3136,"href":"https:\/\/www.feministtahayyul.com\/index.php?rest_route=\/wp\/v2\/pages\/1358\/revisions\/3136"}],"wp:attachment":[{"href":"https:\/\/www.feministtahayyul.com\/index.php?rest_route=%2Fwp%2Fv2%2Fmedia&parent=1358"}],"curies":[{"name":"wp","href":"https:\/\/api.w.org\/{rel}","templated":true}]}}