{"id":2688,"date":"2024-02-29T18:26:53","date_gmt":"2024-02-29T18:26:53","guid":{"rendered":"https:\/\/www.feministtahayyul.com\/?page_id=2688"},"modified":"2024-03-24T19:43:33","modified_gmt":"2024-03-24T19:43:33","slug":"51-feminist-cografya","status":"publish","type":"page","link":"https:\/\/www.feministtahayyul.com\/?page_id=2688","title":{"rendered":"5(1) &#8211; Feminist Co\u011frafya"},"content":{"rendered":"\n<div class=\"wp-block-media-text alignwide is-stacked-on-mobile\" style=\"grid-template-columns:25% auto\"><figure class=\"wp-block-media-text__media\"><img loading=\"lazy\" decoding=\"async\" width=\"725\" height=\"1024\" src=\"https:\/\/www.feministtahayyul.com\/wp-content\/uploads\/2024\/02\/Cografya-kapak-o\u0308n-yu\u0308z-725x1024.jpg\" alt=\"\" class=\"wp-image-2692 size-full\" srcset=\"https:\/\/www.feministtahayyul.com\/wp-content\/uploads\/2024\/02\/Cografya-kapak-o\u0308n-yu\u0308z-725x1024.jpg 725w, https:\/\/www.feministtahayyul.com\/wp-content\/uploads\/2024\/02\/Cografya-kapak-o\u0308n-yu\u0308z-212x300.jpg 212w, https:\/\/www.feministtahayyul.com\/wp-content\/uploads\/2024\/02\/Cografya-kapak-o\u0308n-yu\u0308z-768x1085.jpg 768w, https:\/\/www.feministtahayyul.com\/wp-content\/uploads\/2024\/02\/Cografya-kapak-o\u0308n-yu\u0308z-1087x1536.jpg 1087w, https:\/\/www.feministtahayyul.com\/wp-content\/uploads\/2024\/02\/Cografya-kapak-o\u0308n-yu\u0308z-1449x2048.jpg 1449w, https:\/\/www.feministtahayyul.com\/wp-content\/uploads\/2024\/02\/Cografya-kapak-o\u0308n-yu\u0308z-scaled.jpg 1811w\" sizes=\"auto, (max-width: 725px) 100vw, 725px\" \/><\/figure><div class=\"wp-block-media-text__content\">\n<h3 class=\"has-text-color wp-block-heading\" id=\"block-5b90128c-72c9-4d69-a4bd-ebb8f416b1e3\" style=\"color:#606060;font-size:23px\">Feminist Co\u011frafya<\/h3>\n\n\n\n<h4 class=\"wp-block-heading\">Say\u0131 Edit\u00f6rleri: Ayla Deniz &amp; Funda \u015eenol <\/h4>\n\n\n\n<hr class=\"wp-block-separator has-text-color has-background has-cyan-bluish-gray-background-color has-cyan-bluish-gray-color is-style-wide\"\/>\n\n\n\n<p><\/p>\n<\/div><\/div>\n\n\n\n<p><\/p>\n\n\n\n<p><a href=\"https:\/\/www.feministtahayyul.com\/wp-content\/uploads\/2024\/02\/FT51_son-1-6.pdf\">Sunu\u015f: Feminist Co\u011frafya<\/a><br><em><em>Ayla Deniz &amp; Funda \u015eenol<\/em><\/em><\/p>\n\n\n\n<pre id=\"block-fc91cf51-004b-44aa-8b2a-c74aac61a16d\" class=\"wp-block-preformatted\"><strong>Ara\u015ft\u0131rma Makaleleri<\/strong><\/pre>\n\n\n\n<p><a rel=\"noreferrer noopener\" href=\"https:\/\/www.feministtahayyul.com\/wp-content\/uploads\/2024\/02\/FT51_son-7-29.pdf\" target=\"_blank\">Kad\u0131nlar\u0131n Gu\u0308ndelik Co\u011frafyalar\u0131n\u0131 Du\u0308\u015fu\u0308nmek: Mek\u00e2nsal\u0131n Toplumsal Cinsiyetle Sorunu<\/a><br><em><em>Sena Ka\u00e7ar &amp; \u0130smail Kervank\u0131ran<\/em><\/em><br><a href=\"https:\/\/doi.org\/10.57193\/FeminTa.2024.6\">https:\/\/doi.org\/10.57193\/FeminTa.2024.6<\/a><\/p>\n\n\n\n<p><a rel=\"noreferrer noopener\" href=\"https:\/\/www.feministtahayyul.com\/wp-content\/uploads\/2024\/02\/FT51_son-30-58.pdf\" target=\"_blank\">Kad\u0131nlar\u0131n Mobilitesinin Medyada G\u00f6ru\u0308nu\u0308rlu\u0308\u011fu\u0308: bianet Erkek \u015eiddeti \u00c7etelesi \u00d6rne\u011fi<\/a><br><em>Hanife Aliefendio\u011flu &amp; Duygu Onay \u00c7\u00f6ker<\/em><br><a href=\"https:\/\/doi.org\/10.57193\/FeminTa.2024.28\">https:\/\/doi.org\/10.57193\/FeminTa.2024.28<\/a><\/p>\n\n\n\n<p><a rel=\"noreferrer noopener\" href=\"https:\/\/www.feministtahayyul.com\/wp-content\/uploads\/2024\/02\/FT51_son-59-91.pdf\" target=\"_blank\">Zorla Yerinden Edilmenin De\u011fi\u015ftirdi\u011fi Gu\u0308ndelik Ya\u015fam: Yerle\u015fik ve Ko\u00e7er Ku\u0308rt Kad\u0131nlar\u0131n Deneyimleri<\/a><br><em>Muhammet \u00d6ksu\u0308z &amp; Neriman K\u0131l\u0131n\u00e7<\/em><br><a href=\"https:\/\/doi.org\/10.57193\/FeminTa.2024.56\">https:\/\/doi.org\/10.57193\/FeminTa.2024.56<\/a><\/p>\n\n\n\n<pre id=\"block-8031a41b-2d01-4aff-904c-fa6894fd475e\" class=\"wp-block-preformatted\"><strong>Ara\u015ft\u0131rma Notu<\/strong><\/pre>\n\n\n\n<p><a href=\"https:\/\/www.feministtahayyul.com\/wp-content\/uploads\/2024\/02\/FT51_son-92-105.pdf\" target=\"_blank\" rel=\"noreferrer noopener\">\u201cPeki feminizm bunun neredesinde?\u201d: Siyasi Co\u011frafyan\u0131n Feminist Okumalar\u0131<\/a><br><em>Devran Koray \u00d6cal<\/em><\/p>\n\n\n\n<pre id=\"block-37eba9be-3fb0-4e5c-b3fd-b1740b6508b5\" class=\"wp-block-preformatted\"><strong>Kitap De\u011ferlendirmesi<\/strong><\/pre>\n\n\n\n<p><a href=\"https:\/\/www.feministtahayyul.com\/wp-content\/uploads\/2024\/02\/FT51_son-106-111.pdf\" target=\"_blank\" rel=\"noreferrer noopener\"><em>Feminist \u015eehir Kitab\u0131 <\/em>\u00dczerine<\/a><br><em>Ezginur \u00d6rnek<\/em><\/p>\n\n\n\n<pre id=\"block-533c53af-ddb3-468e-883b-eaba69ef44ac\" class=\"wp-block-preformatted\"><strong>S\u00f6yle\u015fi<\/strong><\/pre>\n\n\n\n<p><a rel=\"noreferrer noopener\" href=\"https:\/\/www.feministtahayyul.com\/wp-content\/uploads\/2024\/03\/FT51-7.So\u0308yles\u0327i-1.pdf\" target=\"_blank\">Cins Ad\u0131mlar ile S\u00f6yle\u015fi<\/a><br><em>Merve Diltemiz<\/em><\/p>\n\n\n\n<pre id=\"block-fd9838cc-bc9d-40dd-9988-80f30990195a\" class=\"wp-block-preformatted\"><strong>Tez Tan\u0131t\u0131m\u0131<\/strong><\/pre>\n\n\n\n<p><a rel=\"noreferrer noopener\" href=\"https:\/\/www.feministtahayyul.com\/wp-content\/uploads\/2024\/02\/FT51_son-131-136.pdf\" target=\"_blank\"><em>\u0130slami Muhafazak\u00e2rl\u0131\u011f\u0131 Sorgulamak: Ke\u00e7i\u00f6ren\u2019de Gu\u0308ndelik Hayatta Toplumsal Mek\u00e2n, S\u0131n\u0131f ve Toplumsal Cinsiyet<\/em><\/a> <a rel=\"noreferrer noopener\" href=\"https:\/\/www.feministtahayyul.com\/wp-content\/uploads\/2024\/02\/FT51_son-131-136.pdf\" target=\"_blank\">\u00dczerine<\/a><br><em>Bel\u00e7im \u00d6ztu\u0308rk<\/em><\/p>\n\n\n\n<pre id=\"block-fd9838cc-bc9d-40dd-9988-80f30990195a\" class=\"wp-block-preformatted\"><strong>Sanat<\/strong><\/pre>\n\n\n\n<p><a href=\"https:\/\/www.feministtahayyul.com\/wp-content\/uploads\/2024\/02\/FT51_son-137-150.pdf\" target=\"_blank\" rel=\"noreferrer noopener\">Flan\u00f6r ve Flan\u00f6z: Yerle\u015fmi\u015f Bak\u0131\u015flar\u0131 Yenilemek<br><\/a><em>Sonat \u00d6zcivano\u011flu<\/em><\/p>\n\n\n\n<p><\/p>\n","protected":false},"excerpt":{"rendered":"<p>Sunu\u015f: Feminist Co\u011frafyaAyla Deniz &amp; Funda \u015eenol Ara\u015ft\u0131rma Makaleleri Kad\u0131nlar\u0131n Gu\u0308ndelik Co\u011frafyalar\u0131n\u0131 Du\u0308\u015fu\u0308nmek: Mek\u00e2nsal\u0131n Toplumsal Cinsiyetle SorunuSena Ka\u00e7ar &amp; \u0130smail Kervank\u0131ranhttps:\/\/doi.org\/10.57193\/FeminTa.2024.6 Kad\u0131nlar\u0131n Mobilitesinin Medyada G\u00f6ru\u0308nu\u0308rlu\u0308\u011fu\u0308: &hellip; <\/p>\n","protected":false},"author":1,"featured_media":0,"parent":795,"menu_order":9,"comment_status":"closed","ping_status":"closed","template":"","meta":{"footnotes":""},"class_list":["post-2688","page","type-page","status-publish","hentry"],"jetpack_sharing_enabled":true,"_links":{"self":[{"href":"https:\/\/www.feministtahayyul.com\/index.php?rest_route=\/wp\/v2\/pages\/2688","targetHints":{"allow":["GET"]}}],"collection":[{"href":"https:\/\/www.feministtahayyul.com\/index.php?rest_route=\/wp\/v2\/pages"}],"about":[{"href":"https:\/\/www.feministtahayyul.com\/index.php?rest_route=\/wp\/v2\/types\/page"}],"author":[{"embeddable":true,"href":"https:\/\/www.feministtahayyul.com\/index.php?rest_route=\/wp\/v2\/users\/1"}],"replies":[{"embeddable":true,"href":"https:\/\/www.feministtahayyul.com\/index.php?rest_route=%2Fwp%2Fv2%2Fcomments&post=2688"}],"version-history":[{"count":18,"href":"https:\/\/www.feministtahayyul.com\/index.php?rest_route=\/wp\/v2\/pages\/2688\/revisions"}],"predecessor-version":[{"id":2741,"href":"https:\/\/www.feministtahayyul.com\/index.php?rest_route=\/wp\/v2\/pages\/2688\/revisions\/2741"}],"up":[{"embeddable":true,"href":"https:\/\/www.feministtahayyul.com\/index.php?rest_route=\/wp\/v2\/pages\/795"}],"wp:attachment":[{"href":"https:\/\/www.feministtahayyul.com\/index.php?rest_route=%2Fwp%2Fv2%2Fmedia&parent=2688"}],"curies":[{"name":"wp","href":"https:\/\/api.w.org\/{rel}","templated":true}]}}

5(1) &#8211; Feminist Coğrafya

<div class="wp-block-media-text alignwide is-stacked-on-mobile" style="grid-template-columns:25% auto"><figure class="wp-block-media-text__media"><img loading="lazy" decoding="async" width="725" height="1024" src="https://www.feministtahayyul.com/wp-content/uploads/2024/02/Cografya-kapak-ön-yüz-725x1024.jpg" alt="" class="wp-image-2692 size-full" srcset="https://www.feministtahayyul.com/wp-content/uploads/2024/02/Cografya-kapak-ön-yüz-725x1024.jpg 725w, https://www.feministtahayyul.com/wp-content/uploads/2024/02/Cografya-kapak-ön-yüz-212x300.jpg 212w, https://www.feministtahayyul.com/wp-content/uploads/2024/02/Cografya-kapak-ön-yüz-768x1085.jpg 768w, https://www.feministtahayyul.com/wp-content/uploads/2024/02/Cografya-kapak-ön-yüz-1087x1536.jpg 1087w, https://www.feministtahayyul.com/wp-content/uploads/2024/02/Cografya-kapak-ön-yüz-1449x2048.jpg 1449w, https://www.feministtahayyul.com/wp-content/uploads/2024/02/Cografya-kapak-ön-yüz-scaled.jpg 1811w" sizes="auto, (max-width: 725px) 100vw, 725px" /></figure><div class="wp-block-media-text__content">
<h3 class="has-text-color wp-block-heading" id="block-5b90128c-72c9-4d69-a4bd-ebb8f416b1e3" style="color:#606060;font-size:23px">Feminist Coğrafya</h3>



<h4 class="wp-block-heading">Sayı Editörleri: Ayla Deniz &amp; Funda Şenol </h4>



<hr class="wp-block-separator has-text-color has-background has-cyan-bluish-gray-background-color has-cyan-bluish-gray-color is-style-wide"/>



<p></p>
</div></div>



<p></p>



<p><a href="https://www.feministtahayyul.com/wp-content/uploads/2024/02/FT51_son-1-6.pdf">Sunuş: Feminist Coğrafya</a><br><em><em>Ayla Deniz &amp; Funda Şenol</em></em></p>



<pre id="block-fc91cf51-004b-44aa-8b2a-c74aac61a16d" class="wp-block-preformatted"><strong>Araştırma Makaleleri</strong></pre>



<p><a rel="noreferrer noopener" href="https://www.feministtahayyul.com/wp-content/uploads/2024/02/FT51_son-7-29.pdf" target="_blank">Kadınların Gündelik Coğrafyalarını Düşünmek: Mekânsalın Toplumsal Cinsiyetle Sorunu</a><br><em><em>Sena Kaçar &amp; İsmail Kervankıran</em></em><br><a href="https://doi.org/10.57193/FeminTa.2024.6">https://doi.org/10.57193/FeminTa.2024.6</a></p>



<p><a rel="noreferrer noopener" href="https://www.feministtahayyul.com/wp-content/uploads/2024/02/FT51_son-30-58.pdf" target="_blank">Kadınların Mobilitesinin Medyada Görünürlüğü: bianet Erkek Şiddeti Çetelesi Örneği</a><br><em>Hanife Aliefendioğlu &amp; Duygu Onay Çöker</em><br><a href="https://doi.org/10.57193/FeminTa.2024.28">https://doi.org/10.57193/FeminTa.2024.28</a></p>



<p><a rel="noreferrer noopener" href="https://www.feministtahayyul.com/wp-content/uploads/2024/02/FT51_son-59-91.pdf" target="_blank">Zorla Yerinden Edilmenin Değiştirdiği Gündelik Yaşam: Yerleşik ve Koçer Kürt Kadınların Deneyimleri</a><br><em>Muhammet Öksüz &amp; Neriman Kılınç</em><br><a href="https://doi.org/10.57193/FeminTa.2024.56">https://doi.org/10.57193/FeminTa.2024.56</a></p>



<pre id="block-8031a41b-2d01-4aff-904c-fa6894fd475e" class="wp-block-preformatted"><strong>Araştırma Notu</strong></pre>



<p><a href="https://www.feministtahayyul.com/wp-content/uploads/2024/02/FT51_son-92-105.pdf" target="_blank" rel="noreferrer noopener">“Peki feminizm bunun neredesinde?”: Siyasi Coğrafyanın Feminist Okumaları</a><br><em>Devran Koray Öcal</em></p>



<pre id="block-37eba9be-3fb0-4e5c-b3fd-b1740b6508b5" class="wp-block-preformatted"><strong>Kitap Değerlendirmesi</strong></pre>



<p><a href="https://www.feministtahayyul.com/wp-content/uploads/2024/02/FT51_son-106-111.pdf" target="_blank" rel="noreferrer noopener"><em>Feminist Şehir Kitabı </em>Üzerine</a><br><em>Ezginur Örnek</em></p>



<pre id="block-533c53af-ddb3-468e-883b-eaba69ef44ac" class="wp-block-preformatted"><strong>Söyleşi</strong></pre>



<p><a rel="noreferrer noopener" href="https://www.feministtahayyul.com/wp-content/uploads/2024/03/FT51-7.Söyleşi-1.pdf" target="_blank">Cins Adımlar ile Söyleşi</a><br><em>Merve Diltemiz</em></p>



<pre id="block-fd9838cc-bc9d-40dd-9988-80f30990195a" class="wp-block-preformatted"><strong>Tez Tanıtımı</strong></pre>



<p><a rel="noreferrer noopener" href="https://www.feministtahayyul.com/wp-content/uploads/2024/02/FT51_son-131-136.pdf" target="_blank"><em>İslami Muhafazakârlığı Sorgulamak: Keçiören’de Gündelik Hayatta Toplumsal Mekân, Sınıf ve Toplumsal Cinsiyet</em></a> <a rel="noreferrer noopener" href="https://www.feministtahayyul.com/wp-content/uploads/2024/02/FT51_son-131-136.pdf" target="_blank">Üzerine</a><br><em>Belçim Öztürk</em></p>



<pre id="block-fd9838cc-bc9d-40dd-9988-80f30990195a" class="wp-block-preformatted"><strong>Sanat</strong></pre>



<p><a href="https://www.feministtahayyul.com/wp-content/uploads/2024/02/FT51_son-137-150.pdf" target="_blank" rel="noreferrer noopener">Flanör ve Flanöz: Yerleşmiş Bakışları Yenilemek<br></a><em>Sonat Özcivanoğlu</em></p>



<p></p>

<p>Sunuş: Feminist CoğrafyaAyla Deniz &amp; Funda Şenol Araştırma Makaleleri Kadınların Gündelik Coğrafyalarını Düşünmek: Mekânsalın Toplumsal Cinsiyetle SorunuSena Kaçar &amp; İsmail Kervankıranhttps://doi.org/10.57193/FeminTa.2024.6 Kadınların Mobilitesinin Medyada Görünürlüğü: &hellip; </p>
